{"id":8,"date":"2025-07-15T17:11:06","date_gmt":"2025-07-15T17:11:06","guid":{"rendered":"https:\/\/hypnocaro.ch\/?page_id=8"},"modified":"2025-07-15T17:11:06","modified_gmt":"2025-07-15T17:11:06","slug":"presentation","status":"publish","type":"page","link":"https:\/\/hypnocaro.ch\/","title":{"rendered":"Pr\u00e9sentation"},"content":{"rendered":"\n<p><\/p>\n\n\n\n<p>Bienvenue sur mon site hypnocaro.ch!<\/p>\n\n\n\n<p>En parcourant mon site, vous pourrez d\u00e9couvrir dans,&nbsp;<a href=\"http:\/\/hypnocaro.ch\/?page_id=42\">Th\u00e9rapies et soins&nbsp;<\/a>&nbsp;les diff\u00e9rentes difficult\u00e9s et maux qui peuvent \u00eatre trait\u00e9s en&nbsp;<a href=\"http:\/\/hypnocaro.ch\/?page_id=70\">Hypnose Ericksonienne<\/a>&nbsp;et les diff\u00e9rentes&nbsp;<a href=\"http:\/\/hypnocaro.ch\/?page_id=70\">m\u00e9thodes et outils<\/a>&nbsp;que j\u2019utilise afin de vous accompagner de mani\u00e8re personnalis\u00e9e.<\/p>\n\n\n\n<p>Une s\u00e9ance dure en g\u00e9n\u00e9ral 1h, je vous accueille volontiers sur rendez-vous. Vous pouvez me&nbsp;<a href=\"https:\/\/hypnocaro.ch\/contact\/\">contacter&nbsp;<\/a>au 079\/584 43 76 en m\u2019appelant ou en me laissant un message. Les s\u00e9ances sont adapt\u00e9es aux besoins de chaque personne, vous trouverez aussi sur le site les diff\u00e9rents&nbsp;<a href=\"http:\/\/hypnocaro.ch\/?page_id=46\">prix<\/a>&nbsp;des consultations.<\/p>\n\n\n\n<p>Vous pouvez aussi suivre dans les&nbsp;<a href=\"https:\/\/hypnocaro.ch\/news\/\">news<\/a>, les diff\u00e9rentes informations, propositions et autres nouveaut\u00e9s que je souhaite partager avec vous.<\/p>\n\n\n\n<p><strong>Qui suis-je?<\/strong><\/p>\n\n\n\n<figure class=\"wp-block-image size-full\"><img loading=\"lazy\" decoding=\"async\" width=\"178\" height=\"191\" src=\"https:\/\/hypnocaro.ch\/wp-content\/uploads\/2025\/07\/image.jpeg\" alt=\"\" class=\"wp-image-10\"\/><\/figure>\n\n\n\n<p>Dans un processus de d\u00e9veloppement personnel, j\u2019ai choisi de faire une formation en&nbsp;<a href=\"http:\/\/hypnocaro.ch\/?page_id=70\">Hypnose th\u00e9rapeutique Ericksonienne<\/a>&nbsp;et en&nbsp;<a href=\"http:\/\/hypnocaro.ch\/?page_id=70\">reconnexion spirituelle<\/a>&nbsp;avec comme formatrice Lidwine Parnet (<a href=\"https:\/\/www.votrehypnose.com\/\">votrehypnose.com<\/a>, rue de Vevey 11, 1630 Bulle ) et formateur, Christian Paschoud. Tout au long de ma formation, j\u2019ai \u00e9t\u00e9 passionn\u00e9e par les fabuleux apprentissages que j\u2019ai pu faire sur moi-m\u00eame et sur cette merveilleuse pratique qu\u2019est l\u2019Hypnose th\u00e9rapeutique.<br>A l\u2019obtention de mon dipl\u00f4me, j\u2019ai d\u00e9cid\u00e9 d\u2019ouvrir mon cabinet. A ce moment-l\u00e0, j\u2019ai eu la possibilit\u00e9 de louer une salle au sein du cabinet o\u00f9 j\u2019ai effectu\u00e9 ma formation. C\u2019est ainsi, chanceuse, que j\u2019ai pu mettre en pratique mes comp\u00e9tences de th\u00e9rapeute en&nbsp;<a href=\"http:\/\/hypnocaro.ch\/?page_id=70\">Hypnose Ericksonienne.<\/a><\/p>\n\n\n\n<p>Apr\u00e8s plusieurs ann\u00e9es de pratique j\u2019ai d\u00e9cid\u00e9 d\u2019augmenter mes horaires et je me&nbsp; suis d\u00e9plac\u00e9 dans un autre cabinet o\u00f9 mon compagnon poss\u00e8de un salon de tattoo (<a href=\"https:\/\/www.instagram.com\/salzart\/\">Salz Art<\/a>, rue de la promenade 42, 1630 Bulle). J\u2019ai ensuite d\u00e9cid\u00e9 de continuer de me former dans cette belle pratique de l\u2019hypnose, chaque jour je d\u00e9couvre et \u00e9volue dans mon identit\u00e9 professionnelle et personnelle. En 2022, j\u2019ai eu la chance de me former en massage des 5 continents avec comme formateur Nuno Gomes Tavares (<a href=\"http:\/\/www.votremassagebienveillant.com\/formation\">www.votremassagebienveillant.com\/formation<\/a>, rue de Vevey 11, 1630 Bulle).&nbsp; Je suis tr\u00e8s contente de pouvoir proposer cette nouveaut\u00e9 dans mes soins.<\/p>\n\n\n\n<p>En parall\u00e8le,&nbsp; je travaille en tant qu\u2019<a href=\"https:\/\/hypnocaro.ch\/methodes-utilisees\/\">\u00e9ducatrice sociale<\/a>&nbsp;au sein de la FFJ (Fondation de Fribourg pour la Jeunesse). J\u2019ai effectu\u00e9 une formation d\u2019Assistante en soins et sant\u00e9 communautaire puis plus tard, d\u2019\u00e9ducatrice sociale. C\u2019est avec ces diff\u00e9rentes connaissances que je peux aussi vous accompagner et vous conseiller selon les situations que vous vivez. Je peux ainsi concilier mon travail d\u2019\u00e9ducatrice et celui d\u2019hypnoth\u00e9rapeute qui sont finalement tr\u00e8s compl\u00e9mentaires. Le m\u00e9tier de l\u2019humain m\u2019a toujours attir\u00e9 et je suis heureuse de pouvoir vous proposer ce type d\u2019accompagnement aujourd\u2019hui.<\/p>\n","protected":false},"excerpt":{"rendered":"<p>Bienvenue sur mon site hypnocaro.ch! En parcourant mon site, vous pourrez d\u00e9couvrir dans,&nbsp;Th\u00e9rapies et soins&nbsp;&nbsp;les diff\u00e9rentes difficult\u00e9s et maux qui [&hellip;]<\/p>\n","protected":false},"author":1,"featured_media":0,"parent":0,"menu_order":0,"comment_status":"closed","ping_status":"closed","template":"","meta":{"site-sidebar-layout":"default","site-content-layout":"","ast-site-content-layout":"default","site-content-style":"default","site-sidebar-style":"default","ast-global-header-display":"","ast-banner-title-visibility":"","ast-main-header-display":"","ast-hfb-above-header-display":"","ast-hfb-below-header-display":"","ast-hfb-mobile-header-display":"","site-post-title":"","ast-breadcrumbs-content":"","ast-featured-img":"","footer-sml-layout":"","theme-transparent-header-meta":"","adv-header-id-meta":"","stick-header-meta":"","header-above-stick-meta":"","header-main-stick-meta":"","header-below-stick-meta":"","astra-migrate-meta-layouts":"default","ast-page-background-enabled":"default","ast-page-background-meta":{"desktop":{"background-color":"var(--ast-global-color-5)","background-image":"","background-repeat":"repeat","background-position":"center center","background-size":"auto","background-attachment":"scroll","background-type":"","background-media":"","overlay-type":"","overlay-color":"","overlay-opacity":"","overlay-gradient":""},"tablet":{"background-color":"","background-image":"","background-repeat":"repeat","background-position":"center center","background-size":"auto","background-attachment":"scroll","background-type":"","background-media":"","overlay-type":"","overlay-color":"","overlay-opacity":"","overlay-gradient":""},"mobile":{"background-color":"","background-image":"","background-repeat":"repeat","background-position":"center center","background-size":"auto","background-attachment":"scroll","background-type":"","background-media":"","overlay-type":"","overlay-color":"","overlay-opacity":"","overlay-gradient":""}},"ast-content-background-meta":{"desktop":{"background-color":"var(--ast-global-color-4)","background-image":"","background-repeat":"repeat","background-position":"center center","background-size":"auto","background-attachment":"scroll","background-type":"","background-media":"","overlay-type":"","overlay-color":"","overlay-opacity":"","overlay-gradient":""},"tablet":{"background-color":"var(--ast-global-color-4)","background-image":"","background-repeat":"repeat","background-position":"center center","background-size":"auto","background-attachment":"scroll","background-type":"","background-media":"","overlay-type":"","overlay-color":"","overlay-opacity":"","overlay-gradient":""},"mobile":{"background-color":"var(--ast-global-color-4)","background-image":"","background-repeat":"repeat","background-position":"center center","background-size":"auto","background-attachment":"scroll","background-type":"","background-media":"","overlay-type":"","overlay-color":"","overlay-opacity":"","overlay-gradient":""}},"footnotes":""},"class_list":["post-8","page","type-page","status-publish","hentry"],"_links":{"self":[{"href":"https:\/\/hypnocaro.ch\/index.php\/wp-json\/wp\/v2\/pages\/8","targetHints":{"allow":["GET"]}}],"collection":[{"href":"https:\/\/hypnocaro.ch\/index.php\/wp-json\/wp\/v2\/pages"}],"about":[{"href":"https:\/\/hypnocaro.ch\/index.php\/wp-json\/wp\/v2\/types\/page"}],"author":[{"embeddable":true,"href":"https:\/\/hypnocaro.ch\/index.php\/wp-json\/wp\/v2\/users\/1"}],"replies":[{"embeddable":true,"href":"https:\/\/hypnocaro.ch\/index.php\/wp-json\/wp\/v2\/comments?post=8"}],"version-history":[{"count":1,"href":"https:\/\/hypnocaro.ch\/index.php\/wp-json\/wp\/v2\/pages\/8\/revisions"}],"predecessor-version":[{"id":11,"href":"https:\/\/hypnocaro.ch\/index.php\/wp-json\/wp\/v2\/pages\/8\/revisions\/11"}],"wp:attachment":[{"href":"https:\/\/hypnocaro.ch\/index.php\/wp-json\/wp\/v2\/media?parent=8"}],"curies":[{"name":"wp","href":"https:\/\/api.w.org\/{rel}","templated":true}]}}